omposite?
True
Suppose -4 - 11 = -5*z. Suppose -4*f = -z*a - 32, -15 + 3 = 3*a. Suppose -5*m + 2 = -13, -f*m = 4*i - 659. Is i a composite number?
True
Let s(h) = 27*h + 8. Let g be s(3). Suppose 96 + g = 5*l. Is l prime?
True
Suppose -3*z - 39468 + 173919 = 0. Is z prime?
False
Let t = 382 - 564. Let m = t + 1167. Is m composite?
True
Suppose -h + 1 = -2. Suppose -h*l = -8*l + 95. Let s = 108 + l. Is s a prime number?
True
Suppose -2*j - 2*k = -71378, 0 = 3*j - 7*k + 2*k - 107099. Is j composite?
True
Suppose -8*n - 20 = -3*n. Let o = n - 7. Is 2/o + 25200/55 a prime number?
False
Is 1787*(-2 - -3) - (-24)/4 a prime number?
False
Let v be 0 + -2 + 1972 - 1. Suppose 5*p - v = -2*a, 2*a - 3*a = 3*p - 1182. Is p prime?
False
Let b be (-1 - 3) + 2 - -2. Suppose b = -i - 3*i + 16. Suppose i*y - 1719 = 1973. Is y prime?
False
Suppose -4*a + 1 = 9. Let i be 3 + a - 1 - -9. Let n(u) = -u**3 + 8*u**2 + 12*u + 12. Is n(i) a prime number?
False
Let r(y) = -10*y - 1. Let b be 188/(-20) + (-6)/(-15). Let x be r(b). Is 0 + x*(0 + 1) composite?
False
Let c(x) = -24*x + 7. Suppose -q = -3*q + 8. Suppose -16 = q*h + 2*y, 1 = h + 3*y - 0. Is c(h) a composite number?
False
Suppose -3*w - 3*b + 154350 = 0, -2*b = 3*b - 5. Is w prime?
True
Suppose 4*h = 3*r - r + 54076, 5*r = -3*h + 40531. Is h a prime number?
False
Let x = 127 + -40. Is x composite?
True
Let i = 36971 - -30035. Is i prime?
False
Let d(r) = r**2 + 12*r - 11. Suppose -u + 26 = -3*u. Let m be d(u). Suppose 545 = 5*a + 4*k, -m*a + k + 246 = -3*k. Is a composite?
False
Suppose 4*m - 6*m + 68 = 0. Suppose -10 = -6*a - m. Is ((-2)/2)/(a/1796) a prime number?
True
Let x = 16494 + -2611. Is x a composite number?
False
Let l be -2 - (6 + -4 - 42). Let g = l - -293. Is g prime?
True
Suppose 10*c - 15*c + 4*o = -33389, 0 = -5*c + 2*o + 33387. Is c a composite number?
True
Let l(m) = 2*m**3 - 13*m**2 - 16*m + 7. Let f(q) = 6*q + 54. Let n be f(-7). Is l(n) prime?
True
Suppose 5*u = -a + 2224, 2*u - 107 - 2114 = -a. Suppose 5*b + 395 - 2185 = -4*j, -3*b = -5*j + a. Is j a composite number?
True
Suppose -2*o - 3*o - 2*a + 28 = 0, 3*o - 2*a - 20 = 0. Suppose -o = c - 3. Is (-6)/c - (-183)/1 composite?
True
Suppose -254 = -4*j + 2*t, 0*t + 266 = 4*j + 2*t. Let x = 156 - j. Is x a composite number?
True
Let l be -1 + 12/(-8)*-2. Suppose l*z - 4 + 2 = 0. Is z/2*534 - -2 a composite number?
False
Let a = 299 - 189. Let q = a - -23. Is q a prime number?
False
Suppose -2*o - 24761 = -3*n, 4*n + 6*o = 2*o + 33048. Is n a prime number?
False
Suppose -5*v + 1469 + 134426 = 0. Is v composite?
False
Suppose 3*f + 85 - 1426 = 0. Suppose -3*c - k = -2*k - f, -2*k = 6. Let b = -59 + c. Is b prime?
True
Let n = 38 + -110. Suppose -2*p + 850 = -4*i, 2*i + 0*i + 4*p + 410 = 0. Let d = n - i. Is d prime?
True
Let x(t) = -21*t**2 + 25*t**2 - 3*t + 15 + 3*t. Is x(-11) a composite number?
False
Let r be 0 - 2 - (-88)/(-4). Let b be 51/24 - (-3)/r. Is 1/b + (-481)/(-26) a composite number?
False
Let x = 25 + -21. Suppose 4 = x*w, -1305 - 1682 = -2*t + 5*w. Is t/10 + 39/(-65) a composite number?
False
Let t(s) = -11*s**3 - 3*s**2 + s - 3. Let f be t(3). Let v = f - -585. Suppose -v = -3*p + 444. Is p prime?
False
Suppose 5*k - 190 = 5*q, 2*q + 96 = 5*k - 91. Suppose 109 = 2*w - k. Suppose 0 = -2*v - u + w, 0 = -5*v - 3*u - 42 + 227. Is v composite?
True
Suppose d - 1 - 14 = -3*b, -4*d + b = -8. Suppose -d*f + 627 + 1728 = 0. Suppose -t = -5*n - 183, 0 = 4*t + t + n - f. Is t composite?
True
Suppose 13*f + 23812 = 17*f. Is f a composite number?
False
Let o(b) be the third derivative of 7*b**6/60 + b**5/20 - b**4/12 - b**3/3 + 13*b**2. Is o(3) a prime number?
True
Let l(z) = 6*z**3 - 3*z**2 - 4*z + 22. Let i be l(7). Suppose -4*b = 2*j - 0*b - 22, 0 = 5*j - 3*b - 3. Is i*((-40)/(-12) - j) a composite number?
True
Let z(h) = h + 1. Let j(f) = -7*f - 3. Let g(n) = 4*n + 2. Let p(w) = -10*g(w) - 6*j(w). Let i(o) = p(o) + 3*z(o). Is i(6) prime?
True
Let o(t) = 20*t**3 - 2*t**2 + 4*t - 16. Let m be o(5). Is 5*(-4)/(-40)*m a composite number?
True
Let x be 14/21 + (-29)/3. Let u = x + 15. Let h(r) = 2*r**2 - r + 1. Is h(u) a composite number?
False
Let l = -6 + 6. Let k = l + 5. Suppose -2*x + 1915 = k*q, x - 2*x = 3*q - 1148. Is q a prime number?
False
Let z(i) = -17 - 319*i**3 + i**2 + 10 + 7 + i. Is z(-2) a prime number?
False
Let y = 11397 - 7126. Is y composite?
False
Suppose 2*t + 7*g - 4090 = 4*g, 5*g = -5*t + 10235. Is t composite?
True
Let y(k) = 97*k**2 + 8*k + 10. Is y(3) composite?
False
Let n(g) = 160*g**2 - 9*g - 87. Is n(10) a prime number?
True
Let v = -13 + 16. Is ((-22240)/(-15) - (-1)/v) + -2 a composite number?
False
Let c(f) = 572*f**2 - f - 5. Let a be c(-3). Suppose 6*z - 4*z = a. Suppose s + 0*s + 3202 = 5*v, 3*s = -4*v + z. Is v composite?
False
Is 3 - (-2 - (-5 - -1)) - -5002 a composite number?
False
Let i(q) = 8457*q**2 + 2*q - 1. Is i(1) composite?
True
Is -2 + (-13619)/(-9) + 18/(-81) a composite number?
False
Let k = 253 + 796. Is k a prime number?
True
Suppose -2141 = 2*v - 6393. Is v a composite number?
True
Let j be (-2696)/(-12)*(-75)/(-10). Suppose 3*p + 4*c - 1011 = 0, -3*p = -8*p + 4*c + j. Is p composite?
False
Let s = 36 + -36. Suppose -n = -y + 335, 2*n + s*n = -5*y + 1675. Suppose 5*c - 3*b - 1723 = -6*b, c - y = -3*b. Is c composite?
False
Suppose 0 = 5*t - 4*i - 66, -2*t + i = -21 - 3. Suppose -h = 2*j - 197, 5*h + t*j - 5*j - 970 = 0. Is h a prime number?
True
Is (4/(-3))/(1 + (-1141)/1137) prime?
True
Let x(g) = 88*g**2 - 56*g + 5. Is x(-8) a prime number?
False
Let i = -3089 - -4350. Is i composite?
True
Let k be 2/(-8) - 803/4. Let y be 2/(-6) - (-406)/12*-2. Let r = y - k. Is r composite?
True
Suppose 2*p = -0*p + 14078. Suppose -2264 = 5*v - p. Is v a composite number?
True
Suppose -q - 14 = 4*q + 4*m, 0 = 4*m + 4. Let a = q - -5. Suppose -a*v - x = -2668, -2*x = 2*v - 2108 + 328. Is v prime?
False
Suppose 9*q - 5*q - b - 25881 = 0, -4*q + 25891 = -3*b. Is q a prime number?
True
Let m(j) = -j - 12. Let r be m(-15). Suppose 0*y + r*y = -675. Let s = 318 + y. Is s a composite number?
True
Let h = 7380 + -3094. Is h prime?
False
Let b(x) = -x**3 + 5*x**2 + 8*x - 6. Let o be b(6). Let y = o - 4. Is 348/y*2/6 a prime number?
False
Suppose -2*d = 3*h - 12366, -5*h + 17348 = 4*d - 3264. Suppose 3*z - z = 3*x + 1638, 0 = -5*z - 5*x + h. Suppose -4*p + z = -814. Is p prime?
True
Suppose 0 = 4*y - 7*y + 747. Let i be (-6)/(-1 + 0/(-2)). Is (0 + y)*2/i a prime number?
True
Suppose 3*r + a + 11 = -4, -4*r - 27 = -a. Let l be -1*3/r*26. Let i(b) = 4*b**2 - 12*b - 9. Is i(l) a composite number?
True
Let h be (-2103)/3*(2 - 1). Is 1/(-1)*(h - 4/(-2)) composite?
True
Suppose -3*u = w - 40, 24 = 2*u - 4*w + 2. Suppose -u*l = -17*l - 16. Is (-3 + 14)/(l/(-28)) prime?
False
Suppose g = -4*x + 3, -5*g - 3*x = 23 + 47. Let s = 2 - g. Is s composite?
False
Suppose -3*x = -3*j + 12, -4*j + 4*x = 6*x - 16. Suppose -j*p = 9*b - 4*b - 4245, 0 = -3*b - 2*p + 2549. Is b composite?
False
Let c be (8/(-6))/(18/(-29619)). Suppose -5*y = -5729 + c. Is y prime?
False
Let a = -477 + 309. Let o = 235 + a. Is o a prime number?
True
Let n be ((-1)/1)/(11/(-22)). Suppose -w = -4*w + n*o + 1467, -4*w = -o - 1956. Is w a composite number?
True
Let m(t) = 5*t**2 + 8*t + 40. Let d be m(17). Suppose 0 = -j + s + d, 3*j - 6490 = -j + s. Is j a composite number?
True
Let z(a) = -a**3 - 7*a**2 - 7*a - 7. Let k be z(-6). Let u = k - -6. Suppose u*l = 2110 + 565. Is l composite?
True
Suppose -2*k + 13 = j - 0*j, 5*j + 5*k - 40 = 0. Is (-67 + 9)/((-2)/j) composite?
True
Let y(n) = 6*n**2 - 3*n + 4. Suppose 21 = 4*a + 3*l, 2*a + l = -4*l - 7. Let f = a - 4. Is y(f) a prime number?
True
Suppose 0 = -2*y - 40 + 470. Suppose -5*c - x + 570 = -0*x, 3*x = -2*c + y. Is c a composite number?
True
Suppose -2*r - 897 = 5*f + 2807, -5*f = -2*r - 3744. Let m = -711 - r. Is m composite?
False
Suppose 4*d = -5*g + 35, 8 = 4*d - 4*g - 0. Suppose -d = -5*k - 15. Is 1/(2*k/(-1676)) composite?
False
Let n be 1/(-4*(-4)/64). Suppose n*p - 12 = -0*p. Suppose p*c - y = 6*c - 466, 2*y + 10 = 0. Is c composite?
False
Let i = 119 + -114. Let q(x) = -10 - 2*x - 2*x + 2*x**3 + 3. Is q(i) composite?
False
Let c(i) = -13*i - 11. Let m(g) = -6*g - 5. Let o(u) = -3